is the tens digit of 570314620?
2
What is the units digit of 331534297?
7
What is the ten millions digit of 621785636?
2
What is the ten thousands digit of 392185432?
8
What is the ten thousands digit of 7583186?
8
What is the hundred millions digit of 1478156742?
4
What is the hundreds digit of 3599000262?
2
What is the ten millions digit of 58397701?
5
What is the hundred millions digit of 212065967?
2
What is the millions digit of 52610654?
2
What is the thousands digit of 19167746?
7
What is the units digit of 32568725?
5
What is the tens digit of 510293752?
5
What is the hundreds digit of 284330947?
9
What is the millions digit of 661165949?
1
What is the tens digit of 323878550?
5
What is the units digit of 670370308?
8
What is the thousands digit of 56736296?
6
What is the ten millions digit of 3059337084?
5
What is the hundreds digit of 906372?
3
What is the thousands digit of 337424?
7
What is the hundred thousands digit of 74097364?
0
What is the hundreds digit of 24687032?
0
What is the hundred thousands digit of 1123378622?
3
What is the units digit of 270824987?
7
What is the hundred thousands digit of 544965584?
9
What is the hundreds digit of 98706308?
3
What is the tens digit of 3196903121?
2
What is the thousands digit of 35751387?
1
What is the tens digit of 165645554?
5
What is the ten thousands digit of 165665754?
6
What is the units digit of 1194547828?
8
What is the millions digit of 15512298?
5
What is the millions digit of 68476169?
8
What is the tens digit of 11149714?
1
What is the hundreds digit of 86078763?
7
What is the hundred thousands digit of 283855600?
8
What is the hundred millions digit of 6243563535?
2
What is the hundreds digit of 14280313?
3
What is the hundred thousands digit of 98922519?
9
What is the ten thousands digit of 219217958?
1
What is the ten millions digit of 223410444?
2
What is the hundred millions digit of 180365413?
1
What is the ten millions digit of 1911612376?
1
What is the thousands digit of 9467070?
7
What is the hundred thousands digit of 999417744?
4
What is the tens digit of 56245300?
0
What is the thousands digit of 1895340851?
0
What is the units digit of 505855403?
3
What is the units digit of 49731224?
4
What is the ten thousands digit of 811260069?
6
What is the hundreds digit of 5052500746?
7
What is the hundreds digit of 6201344043?
0
What is the ten millions digit of 5933757286?
3
What is the tens digit of 2244902451?
5
What is the tens digit of 610281135?
3
What is the hundred thousands digit of 1109501253?
5
What is the ten millions digit of 1007731301?
0
What is the units digit of 88156386?
6
What is the hundreds digit of 72041660?
6
What is the millions digit of 7515674127?
5
What is the tens digit of 1007217497?
9
What is the hundred thousands digit of 35693820?
6
What is the ten thousands digit of 515647720?
4
What is the hundred millions digit of 1972782999?
9
What is the tens digit of 42442155?
5
What is the hundred thousands digit of 23098466?
0
What is the ten millions digit of 626971833?
2
What is the ten thousands digit of 69709965?
0
What is the billions digit of 6101832209?
6
What is the units digit of 1618193308?
8
What is the hundred thousands digit of 301519971?
5
What is the tens digit of 52397333?
3
What is the millions digit of 4170766049?
0
What is the hundred thousands digit of 477740841?
7
What is the ten thousands digit of 245397308?
9
What is the hundreds digit of 5381610347?
3
What is the hundred millions digit of 661798208?
6
What is the hundreds digit of 852169647?
6
What is the units digit of 28482142?
2
What is the hundreds digit of 385376117?
1
What is the thousands digit of 421911915?
1
What is the millions digit of 16884182?
6
What is the units digit of 5989238745?
5
What is the units digit of 168465644?
4
What is the thousands digit of 24600546?
0
What is the tens digit of 344119862?
6
What is the ten thousands digit of 1059575088?
7
What is the ten millions digit of 1159387076?
5
What is the ten thousands digit of 1784857316?
5
What is the ten thousands digit of 570172013?
7
What is the ten millions digit of 136999149?
3
What is the thousands digit of 32901242?
1
What is the thousands digit of 2871282330?
2
What is the units digit of 72164354?
4
What is the ten millions digit of 1414062224?
1
What is the hundreds digit of 204931595?
5
What is the millions digit of 965847707?
5
What is the tens digit of 4276267?
6
What is the ten millions digit of 4539696039?
3
What is the thousands digit of 2807708?
7
What is the millions digit of 30202876?
0
What is the hundred thousands digit of 35872895?
8
What is the units digit of 22172216?
6
What is the millions digit of 15352157?
5
What is the hundred millions digit of 917648715?
9
What is the millions digit of 29328795?
9
What is the thousands digit of 88055917?
5
What is the thousands digit of 10687292?
7
What is the thousands digit of 14536310?
6
What is the ten millions digit of 343457165?
4
What is the ten millions digit of 203308001?
0
What is the hundred millions digit of 3802261037?
8
What is the hundred thousands digit of 196419615?
4
What is the thousands digit of 2383273004?
3
What is the units digit of 717095341?
1
What is the tens digit of 1885023109?
0
What is the millions digit of 920126066?
0
What is the millions digit of 330144244?
0
What is the ten thousands digit of 282585386?
8
What is the thousands digit of 633153149?
3
What is the hundred thousands digit of 55084966?
0
What is the thousands digit of 1770239539?
9
What is the units digit of 112393194?
4
What is the thousands digit of 60911850?
1
What is the billions digit of 1118820759?
1
What is the tens digit of 51548300?
0
What is the ten thousands digit of 699241005?
4
What is the millions digit of 132104799?
2
What is the hundreds digit of 20401527?
5
What is the billions digit of 1615424993?
1
What is the units digit of 105420618?
8
What is the hundreds digit of 300198198?
1
What is the ten millions digit of 3628140575?
2
What is the hundreds digit of 588488768?
7
What is the ten millions digit of 39834131?
3
What is the ten thousands digit of 115904253?
0
What is the hundred thousands digit of 4960512667?
5
What is the hundred millions digit of 133076232?
1
What is the millions digit of 764148902?
4
What is the thousands digit of 35364940?
4
What is the ten thousands digit of 1435987112?
8
What is the thousands digit of 25757760?
7
What is the hundred millions digit of 611805148?
6
What is the billions digit of 1107321595?
1
What is the hundred thousands digit of 84900518?
9
What is the units digit of 866161850?
0
What is the millions digit of 1051447585?
1
What is the units digit of 1895180695?
5
What is the units digit of 3980910215?
5
What is the ten thousands digit of 144987946?
8
What is the millions digit of 28196952?
8
What is the ten thousands digit of 206671626?
7
What is the hundred millions digit of 610494584?
6
What is the ten thousands digit of 5858051921?
5
What is the hundred millions digit of 852642573?
8
What is the hundred thousands digit of 17859483?
8
What is the hundreds digit of 58214221?
2
What is the hundred thousands digit of 28681358?
6
What is the billions digit of 4426778959?
4
What is the hundred millions digit of 2547749860?
5
What is the thousands digit of 32367143?
7
What is the millions digit of 1336631864?
6
What is the ten thousands digit of 587077?
8
What is the tens digit of 19729116?
1
What is the ten thousands digit of 78135071?
3
What is the billions digit of 3792588338?
3
What is the thousands digit of 64970369?
0
What is the ten millions digit of 195603088?
9
What is the thousands digit of 19569210?
9
What is the hundred thousands digit of 3201003298?
0
What is the units digit of 1292958662?
2
What is the hundreds digit of 3970452611?
6
What is the tens digit of 45622629?
2
What is the hundred millions digit of 9151578463?
1
What is the hundreds digit of 86953404?
4
What is the hundred thousands digit of 264977357?
9
What is the ten thousands digit of 589284263?
8
What is the ten thousands digit of 30909998?
0
What is the millions digit of 114171471?
4
What is the units digit of 1277667191?
1
What is the hundreds digit of 5620182?
1
What is the ten thousands digit of 395928?